{"id":2471,"date":"2024-12-11T06:35:48","date_gmt":"2024-12-11T05:35:48","guid":{"rendered":"https:\/\/museoriente.com\/accessibility\/"},"modified":"2025-05-14T14:29:22","modified_gmt":"2025-05-14T12:29:22","slug":"accessibility","status":"publish","type":"page","link":"https:\/\/museoriente.com\/en\/accessibility\/","title":{"rendered":"Accessibility"},"content":{"rendered":"\n<p>Situaci\u00f3n de cumplimiento<\/p>\n\n<p>Este sitio web es parcialmente conforme con el RD 1112\/2018 debido a las excepciones y a la falta de conformidad de los aspectos que se indican a continuaci\u00f3n.<\/p>\n\n<h2 class=\"wp-block-heading\">Contenido no accesible<\/h2>\n\n<p>El contenido que se recoge a continuaci\u00f3n no es accesible por lo siguiente:<\/p>\n\n<ul class=\"wp-block-list\">\n<li>a. Falta de conformidad con el RD 1112\/2018\n<ul class=\"wp-block-list\">\n<li>a.1 Pueden no existir alternativas textuales para im\u00e1genes y tablas. Pueden no existir indicaciones escritas para los mapas incluidos para explicar ubicaciones geogr\u00e1ficas. [requisito n\u00famero 9.1.1 de UNE-EN 301549:2022].   <\/li>\n\n\n\n<li>a.2 Pueden existir p\u00e1ginas sin una estructura de encabezados correcta. <\/li>\n\n\n\n<li>a.3 Pueden existir documentos PDF que no han sido convertidos a un formato<br\/>completamente accesible. <\/li>\n\n\n\n<li>a.4 Algunos documentos suministrados por instituciones de la U.A.M., pueden no<br\/>estar disponibles en una versi\u00f3n completamente accesible. <\/li>\n\n\n\n<li>a.5 La mayor\u00eda de los videos carecen de subt\u00edtulos y descripciones de audio [requisito<br\/>n\u00famero 9.1.2 Contenido multimedia de UNE-EN 301549:2022]. <\/li>\n\n\n\n<li>*Podr\u00edan existir fallos puntuales de edici\u00f3n en alguna p\u00e1gina web.<\/li>\n<\/ul>\n<\/li>\n\n\n\n<li>b. Carga desproporcionada \n<ul class=\"wp-block-list\">\n<li>b.1. No aplica. <\/li>\n<\/ul>\n<\/li>\n\n\n\n<li>c. El contenido no entra dentro del \u00e1mbito de la legislaci\u00f3n aplicable \n<ul class=\"wp-block-list\">\n<li>c.1. No aplica. (Esta declaraci\u00f3n s\u00f3lo se incluye en p\u00e1ginas donde aplica)  <\/li>\n<\/ul>\n<\/li>\n<\/ul>\n\n<p>Este sitio web tiene como objetivos cumplir con los requisitos de la normativa vigente sobre accesibilidad. Por tanto, el objetivo es cumplir las Pautas de Accesibilidad a Contenidos Web 2.1, establecidas por el W3C. <\/p>\n\n<p>El dise\u00f1o es responsive y se adapta a todos los tama\u00f1os de pantalla de los diferentes dispositivos m\u00f3viles.<\/p>\n","protected":false},"excerpt":{"rendered":"<p>Situaci\u00f3n de cumplimiento Este sitio web es parcialmente conforme con el RD 1112\/2018 debido a las excepciones y a la falta de conformidad de los aspectos que se indican a continuaci\u00f3n. Contenido no accesible El contenido que se recoge a continuaci\u00f3n no es accesible por lo siguiente: Este sitio web tiene como objetivos cumplir con [&hellip;]<\/p>\n","protected":false},"author":1,"featured_media":0,"parent":0,"menu_order":4,"comment_status":"closed","ping_status":"closed","template":"","meta":{"_acf_changed":false,"footnotes":""},"class_list":["post-2471","page","type-page","status-publish","hentry"],"acf":[],"yoast_head":"<!-- This site is optimized with the Yoast SEO plugin v25.1 - https:\/\/yoast.com\/wordpress\/plugins\/seo\/ -->\n<title>Accessibility - Museo del Oriente de Asturias<\/title>\n<meta name=\"robots\" content=\"index, follow, max-snippet:-1, max-image-preview:large, max-video-preview:-1\" \/>\n<link rel=\"canonical\" href=\"https:\/\/museoriente.com\/en\/accessibility\/\" \/>\n<meta property=\"og:locale\" content=\"en_US\" \/>\n<meta property=\"og:type\" content=\"article\" \/>\n<meta property=\"og:title\" content=\"Accessibility - Museo del Oriente de Asturias\" \/>\n<meta property=\"og:description\" content=\"Situaci\u00f3n de cumplimiento Este sitio web es parcialmente conforme con el RD 1112\/2018 debido a las excepciones y a la falta de conformidad de los aspectos que se indican a continuaci\u00f3n. Contenido no accesible El contenido que se recoge a continuaci\u00f3n no es accesible por lo siguiente: Este sitio web tiene como objetivos cumplir con [&hellip;]\" \/>\n<meta property=\"og:url\" content=\"https:\/\/museoriente.com\/en\/accessibility\/\" \/>\n<meta property=\"og:site_name\" content=\"Museo del Oriente de Asturias\" \/>\n<meta property=\"article:modified_time\" content=\"2025-05-14T12:29:22+00:00\" \/>\n<meta property=\"og:image\" content=\"https:\/\/museoriente.com\/wp-content\/uploads\/2024\/12\/logo_viejo.jpg\" \/>\n\t<meta property=\"og:image:width\" content=\"369\" \/>\n\t<meta property=\"og:image:height\" content=\"148\" \/>\n\t<meta property=\"og:image:type\" content=\"image\/jpeg\" \/>\n<meta name=\"twitter:card\" content=\"summary_large_image\" \/>\n<meta name=\"twitter:label1\" content=\"Est. reading time\" \/>\n\t<meta name=\"twitter:data1\" content=\"1 minute\" \/>\n<script type=\"application\/ld+json\" class=\"yoast-schema-graph\">{\"@context\":\"https:\/\/schema.org\",\"@graph\":[{\"@type\":\"WebPage\",\"@id\":\"https:\/\/museoriente.com\/en\/accessibility\/\",\"url\":\"https:\/\/museoriente.com\/en\/accessibility\/\",\"name\":\"Accessibility - Museo del Oriente de Asturias\",\"isPartOf\":{\"@id\":\"https:\/\/museoriente.com\/en\/#website\"},\"datePublished\":\"2024-12-11T05:35:48+00:00\",\"dateModified\":\"2025-05-14T12:29:22+00:00\",\"breadcrumb\":{\"@id\":\"https:\/\/museoriente.com\/en\/accessibility\/#breadcrumb\"},\"inLanguage\":\"en-US\",\"potentialAction\":[{\"@type\":\"ReadAction\",\"target\":[\"https:\/\/museoriente.com\/en\/accessibility\/\"]}]},{\"@type\":\"BreadcrumbList\",\"@id\":\"https:\/\/museoriente.com\/en\/accessibility\/#breadcrumb\",\"itemListElement\":[{\"@type\":\"ListItem\",\"position\":1,\"name\":\"Portada\",\"item\":\"https:\/\/museoriente.com\/en\/home\/\"},{\"@type\":\"ListItem\",\"position\":2,\"name\":\"Accessibility\"}]},{\"@type\":\"WebSite\",\"@id\":\"https:\/\/museoriente.com\/en\/#website\",\"url\":\"https:\/\/museoriente.com\/en\/\",\"name\":\"Museo Etnogr\u00e1fico del Oriente de Asturias\",\"description\":\"A mitad de camino entre el mar y la monta\u00f1a\",\"publisher\":{\"@id\":\"https:\/\/museoriente.com\/en\/#organization\"},\"potentialAction\":[{\"@type\":\"SearchAction\",\"target\":{\"@type\":\"EntryPoint\",\"urlTemplate\":\"https:\/\/museoriente.com\/en\/?s={search_term_string}\"},\"query-input\":{\"@type\":\"PropertyValueSpecification\",\"valueRequired\":true,\"valueName\":\"search_term_string\"}}],\"inLanguage\":\"en-US\"},{\"@type\":\"Organization\",\"@id\":\"https:\/\/museoriente.com\/en\/#organization\",\"name\":\"Museo Etnogr\u00e1fico del Oriente de Asturias\",\"url\":\"https:\/\/museoriente.com\/en\/\",\"logo\":{\"@type\":\"ImageObject\",\"inLanguage\":\"en-US\",\"@id\":\"https:\/\/museoriente.com\/en\/#\/schema\/logo\/image\/\",\"url\":\"https:\/\/museoriente.com\/wp-content\/uploads\/2025\/05\/cropped-LOGO-MOA-FINAL-2025-HORIZONTAL.png\",\"contentUrl\":\"https:\/\/museoriente.com\/wp-content\/uploads\/2025\/05\/cropped-LOGO-MOA-FINAL-2025-HORIZONTAL.png\",\"width\":1372,\"height\":392,\"caption\":\"Museo Etnogr\u00e1fico del Oriente de Asturias\"},\"image\":{\"@id\":\"https:\/\/museoriente.com\/en\/#\/schema\/logo\/image\/\"}}]}<\/script>\n<!-- \/ Yoast SEO plugin. -->","yoast_head_json":{"title":"Accessibility - Museo del Oriente de Asturias","robots":{"index":"index","follow":"follow","max-snippet":"max-snippet:-1","max-image-preview":"max-image-preview:large","max-video-preview":"max-video-preview:-1"},"canonical":"https:\/\/museoriente.com\/en\/accessibility\/","og_locale":"en_US","og_type":"article","og_title":"Accessibility - Museo del Oriente de Asturias","og_description":"Situaci\u00f3n de cumplimiento Este sitio web es parcialmente conforme con el RD 1112\/2018 debido a las excepciones y a la falta de conformidad de los aspectos que se indican a continuaci\u00f3n. Contenido no accesible El contenido que se recoge a continuaci\u00f3n no es accesible por lo siguiente: Este sitio web tiene como objetivos cumplir con [&hellip;]","og_url":"https:\/\/museoriente.com\/en\/accessibility\/","og_site_name":"Museo del Oriente de Asturias","article_modified_time":"2025-05-14T12:29:22+00:00","og_image":[{"width":369,"height":148,"url":"https:\/\/museoriente.com\/wp-content\/uploads\/2024\/12\/logo_viejo.jpg","type":"image\/jpeg"}],"twitter_card":"summary_large_image","twitter_misc":{"Est. reading time":"1 minute"},"schema":{"@context":"https:\/\/schema.org","@graph":[{"@type":"WebPage","@id":"https:\/\/museoriente.com\/en\/accessibility\/","url":"https:\/\/museoriente.com\/en\/accessibility\/","name":"Accessibility - Museo del Oriente de Asturias","isPartOf":{"@id":"https:\/\/museoriente.com\/en\/#website"},"datePublished":"2024-12-11T05:35:48+00:00","dateModified":"2025-05-14T12:29:22+00:00","breadcrumb":{"@id":"https:\/\/museoriente.com\/en\/accessibility\/#breadcrumb"},"inLanguage":"en-US","potentialAction":[{"@type":"ReadAction","target":["https:\/\/museoriente.com\/en\/accessibility\/"]}]},{"@type":"BreadcrumbList","@id":"https:\/\/museoriente.com\/en\/accessibility\/#breadcrumb","itemListElement":[{"@type":"ListItem","position":1,"name":"Portada","item":"https:\/\/museoriente.com\/en\/home\/"},{"@type":"ListItem","position":2,"name":"Accessibility"}]},{"@type":"WebSite","@id":"https:\/\/museoriente.com\/en\/#website","url":"https:\/\/museoriente.com\/en\/","name":"Museo Etnogr\u00e1fico del Oriente de Asturias","description":"A mitad de camino entre el mar y la monta\u00f1a","publisher":{"@id":"https:\/\/museoriente.com\/en\/#organization"},"potentialAction":[{"@type":"SearchAction","target":{"@type":"EntryPoint","urlTemplate":"https:\/\/museoriente.com\/en\/?s={search_term_string}"},"query-input":{"@type":"PropertyValueSpecification","valueRequired":true,"valueName":"search_term_string"}}],"inLanguage":"en-US"},{"@type":"Organization","@id":"https:\/\/museoriente.com\/en\/#organization","name":"Museo Etnogr\u00e1fico del Oriente de Asturias","url":"https:\/\/museoriente.com\/en\/","logo":{"@type":"ImageObject","inLanguage":"en-US","@id":"https:\/\/museoriente.com\/en\/#\/schema\/logo\/image\/","url":"https:\/\/museoriente.com\/wp-content\/uploads\/2025\/05\/cropped-LOGO-MOA-FINAL-2025-HORIZONTAL.png","contentUrl":"https:\/\/museoriente.com\/wp-content\/uploads\/2025\/05\/cropped-LOGO-MOA-FINAL-2025-HORIZONTAL.png","width":1372,"height":392,"caption":"Museo Etnogr\u00e1fico del Oriente de Asturias"},"image":{"@id":"https:\/\/museoriente.com\/en\/#\/schema\/logo\/image\/"}}]}},"_links":{"self":[{"href":"https:\/\/museoriente.com\/en\/wp-json\/wp\/v2\/pages\/2471","targetHints":{"allow":["GET"]}}],"collection":[{"href":"https:\/\/museoriente.com\/en\/wp-json\/wp\/v2\/pages"}],"about":[{"href":"https:\/\/museoriente.com\/en\/wp-json\/wp\/v2\/types\/page"}],"author":[{"embeddable":true,"href":"https:\/\/museoriente.com\/en\/wp-json\/wp\/v2\/users\/1"}],"replies":[{"embeddable":true,"href":"https:\/\/museoriente.com\/en\/wp-json\/wp\/v2\/comments?post=2471"}],"version-history":[{"count":1,"href":"https:\/\/museoriente.com\/en\/wp-json\/wp\/v2\/pages\/2471\/revisions"}],"predecessor-version":[{"id":2473,"href":"https:\/\/museoriente.com\/en\/wp-json\/wp\/v2\/pages\/2471\/revisions\/2473"}],"wp:attachment":[{"href":"https:\/\/museoriente.com\/en\/wp-json\/wp\/v2\/media?parent=2471"}],"curies":[{"name":"wp","href":"https:\/\/api.w.org\/{rel}","templated":true}]}}

<p>Situación de cumplimiento</p>

<p>Este sitio web es parcialmente conforme con el RD 1112/2018 debido a las excepciones y a la falta de conformidad de los aspectos que se indican a continuación.</p>

<h2 class="wp-block-heading">Contenido no accesible</h2>

<p>El contenido que se recoge a continuación no es accesible por lo siguiente:</p>

<ul class="wp-block-list">
<li>a. Falta de conformidad con el RD 1112/2018
<ul class="wp-block-list">
<li>a.1 Pueden no existir alternativas textuales para imágenes y tablas. Pueden no existir indicaciones escritas para los mapas incluidos para explicar ubicaciones geográficas. [requisito número 9.1.1 de UNE-EN 301549:2022].   </li>



<li>a.2 Pueden existir páginas sin una estructura de encabezados correcta. </li>



<li>a.3 Pueden existir documentos PDF que no han sido convertidos a un formato<br/>completamente accesible. </li>



<li>a.4 Algunos documentos suministrados por instituciones de la U.A.M., pueden no<br/>estar disponibles en una versión completamente accesible. </li>



<li>a.5 La mayoría de los videos carecen de subtítulos y descripciones de audio [requisito<br/>número 9.1.2 Contenido multimedia de UNE-EN 301549:2022]. </li>



<li>*Podrían existir fallos puntuales de edición en alguna página web.</li>
</ul>
</li>



<li>b. Carga desproporcionada 
<ul class="wp-block-list">
<li>b.1. No aplica. </li>
</ul>
</li>



<li>c. El contenido no entra dentro del ámbito de la legislación aplicable 
<ul class="wp-block-list">
<li>c.1. No aplica. (Esta declaración sólo se incluye en páginas donde aplica)  </li>
</ul>
</li>
</ul>

<p>Este sitio web tiene como objetivos cumplir con los requisitos de la normativa vigente sobre accesibilidad. Por tanto, el objetivo es cumplir las Pautas de Accesibilidad a Contenidos Web 2.1, establecidas por el W3C. </p>

<p>El diseño es responsive y se adapta a todos los tamaños de pantalla de los diferentes dispositivos móviles.</p>

<p>Situación de cumplimiento Este sitio web es parcialmente conforme con el RD 1112/2018 debido a las excepciones y a la falta de conformidad de los aspectos que se indican a continuación. Contenido no accesible El contenido que se recoge a continuación no es accesible por lo siguiente: Este sitio web tiene como objetivos cumplir con [&hellip;]</p>

<!-- This site is optimized with the Yoast SEO plugin v25.1 - https://yoast.com/wordpress/plugins/seo/ -->
<title>Accessibility - Museo del Oriente de Asturias</title>
<meta name="robots" content="index, follow, max-snippet:-1, max-image-preview:large, max-video-preview:-1" />
<link rel="canonical" href="https://museoriente.com/en/accessibility/" />
<meta property="og:locale" content="en_US" />
<meta property="og:type" content="article" />
<meta property="og:title" content="Accessibility - Museo del Oriente de Asturias" />
<meta property="og:description" content="Situación de cumplimiento Este sitio web es parcialmente conforme con el RD 1112/2018 debido a las excepciones y a la falta de conformidad de los aspectos que se indican a continuación. Contenido no accesible El contenido que se recoge a continuación no es accesible por lo siguiente: Este sitio web tiene como objetivos cumplir con [&hellip;]" />
<meta property="og:url" content="https://museoriente.com/en/accessibility/" />
<meta property="og:site_name" content="Museo del Oriente de Asturias" />
<meta property="article:modified_time" content="2025-05-14T12:29:22+00:00" />
<meta property="og:image" content="https://museoriente.com/wp-content/uploads/2024/12/logo_viejo.jpg" />
	<meta property="og:image:width" content="369" />
	<meta property="og:image:height" content="148" />
	<meta property="og:image:type" content="image/jpeg" />
<meta name="twitter:card" content="summary_large_image" />
<meta name="twitter:label1" content="Est. reading time" />
	<meta name="twitter:data1" content="1 minute" />
<script type="application/ld+json" class="yoast-schema-graph">{"@context":"https://schema.org","@graph":[{"@type":"WebPage","@id":"https://museoriente.com/en/accessibility/","url":"https://museoriente.com/en/accessibility/","name":"Accessibility - Museo del Oriente de Asturias","isPartOf":{"@id":"https://museoriente.com/en/#website"},"datePublished":"2024-12-11T05:35:48+00:00","dateModified":"2025-05-14T12:29:22+00:00","breadcrumb":{"@id":"https://museoriente.com/en/accessibility/#breadcrumb"},"inLanguage":"en-US","potentialAction":[{"@type":"ReadAction","target":["https://museoriente.com/en/accessibility/"]}]},{"@type":"BreadcrumbList","@id":"https://museoriente.com/en/accessibility/#breadcrumb","itemListElement":[{"@type":"ListItem","position":1,"name":"Portada","item":"https://museoriente.com/en/home/"},{"@type":"ListItem","position":2,"name":"Accessibility"}]},{"@type":"WebSite","@id":"https://museoriente.com/en/#website","url":"https://museoriente.com/en/","name":"Museo Etnográfico del Oriente de Asturias","description":"A mitad de camino entre el mar y la montaña","publisher":{"@id":"https://museoriente.com/en/#organization"},"potentialAction":[{"@type":"SearchAction","target":{"@type":"EntryPoint","urlTemplate":"https://museoriente.com/en/?s={search_term_string}"},"query-input":{"@type":"PropertyValueSpecification","valueRequired":true,"valueName":"search_term_string"}}],"inLanguage":"en-US"},{"@type":"Organization","@id":"https://museoriente.com/en/#organization","name":"Museo Etnográfico del Oriente de Asturias","url":"https://museoriente.com/en/","logo":{"@type":"ImageObject","inLanguage":"en-US","@id":"https://museoriente.com/en/#/schema/logo/image/","url":"https://museoriente.com/wp-content/uploads/2025/05/cropped-LOGO-MOA-FINAL-2025-HORIZONTAL.png","contentUrl":"https://museoriente.com/wp-content/uploads/2025/05/cropped-LOGO-MOA-FINAL-2025-HORIZONTAL.png","width":1372,"height":392,"caption":"Museo Etnográfico del Oriente de Asturias"},"image":{"@id":"https://museoriente.com/en/#/schema/logo/image/"}}]}</script>
<!-- / Yoast SEO plugin. -->

Situación de cumplimiento Este sitio web es parcialmente conforme con el RD 1112/2018 debido a las excepciones y a la falta de conformidad de los aspectos que se indican a continuación. Contenido no accesible El contenido que se recoge a continuación no es accesible por lo siguiente: Este sitio web tiene como objetivos cumplir con [&hellip;]

Museo Etnográfico del Oriente de Asturias

A mitad de camino entre el mar y la montaña
